-2 + 0 + (26 + -21 - (-1 - -6)).
-2
-551 + 585 + -22 + 2
14
What is -14 + (-2 + 14 - -1 - 2 - 6)?
-9
What is (-8 - -1) + 173 + -166?
0
Evaluate 1 + 15 - (5 - (-8 + 13 + -7)).
9
12 + 2 + (-171 - -165)
8
(-4 - 4) + 0 + 75 + -41
26
What is the value of (1 - -29) + -1 - (-79 + (23 - -51))?
34
Evaluate (-37 - -38) + (-10 - -3) - 12.
-18
Calculate 181 + -221 + -2 + 6.
-36
-8 + -12 - -23 - (-15 - -1)
17
Calculate (-21 + 24 - -29) + -9.
23
What is the value of (-2 + 7 - 12) + 1 + -3?
-9
45 - (-229 - -209 - (-39 + 0))
26
What is -6 + 2 + -1 + 36 + -21?
10
What is 33 - (-7 + 7 - (-7 + 11 - 14))?
23
Evaluate (-26 - (-28 - 20)) + -4.
18
Calculate (4 + -11 - -8) + (-11 - (-1 + -9)).
0
4 + (-22 + (29 - 9) - (-9 - -1))
10
What is 10 - ((-1 - -11) + -112 + 123)?
-11
What is the value of 12 - (-7 - -10 - (-1 + 0 + 0))?
8
-13 - (14 + -21 + 18 + -3)
-21
What is -4 + 100 + -96 + (17 - (2 - 3))?
18
Evaluate 19 - (-5 - (8 + -16)).
16
(9 + 27 - 9) + -12 + 1 + 2
18
What is 0 + 3 - (12 - (-28 + 35))?
-2
(6 + -6 - -15) + -3 + -4
8
(4 + -3 - -5) + (-32 - -27)
1
Calculate 11 - (-5 + 0 + 5 + 7).
4
1 + (1 - 16) + (8 - 2)
-8
10 - 2 - -2 - 23
-13
Calculate -2 + 20 + -2 + -13.
3
What is -5 - (0 + -3) - ((42 - 19) + -57)?
32
Evaluate 4 + (-12 - (-6 + -6)).
4
Calculate (2 - -23) + -348 + 333.
10
What is the value of (-131 - -136) + (-2 + 0 - 4)?
-1
Evaluate 16 - -1 - (-14 + 55).
-24
What is the value of (44 - 27) + -22 + -14?
-19
(-3 - -4 - 4) + 0 + (11 - 26)
-18
Calculate 20 - (-16 - (-6 - (-7 - -2))).
35
Calculate 5 + 5 + (-8 - -8) + -4.
6
What is the value of 9 - (7 + -10 - -20)?
-8
Calculate (4 - (-9 - 5)) + 4 - (-16 - -15).
23
What is the value of -26 + (-11 - -6) + -7 + (0 - -3)?
-35
-4 + (-7 - -13 - (-2 - 1)) - 9
-4
-25 - (-3 - (-21 + 7) - 14)
-22
What is (10 - 3) + 8 + -5 + (0 - 30)?
-20
Evaluate 88 + -63 + (-2 - (1 - 2)).
24
Calculate -27 - (0 + -13) - -28.
14
What is -3 + -21 + 6 + (-4 - -5) + 0?
-17
What is the value of 3 - 6 - (17 - (-17 + (-11 - -24)))?
-24
What is the value of -4 - 27 - (35 - 51)?
-15
(-9 - -27) + -5 + 2
15
What is the value of -14 - (-14 + 36 - 17)?
-19
What is (3 - (-3 - -10)) + -2?
-6
Calculate 0 + 7 + (5 - ((17 - -2) + -5)).
-2
Evaluate -18 - (-9 + 0 + 12).
-21
What is the value of 3 + (-13 - -4) + -4?
-10
What is -9 + (33 - (-6 + (-6 - -12))) - 3?
21
Evaluate 5 + 2 + -3 + -4 + (-2 - 4).
-6
(1 - 8) + 5 - (-6 + -4 + 3)
5
What is the value of -10 - (-2 + -30 + (6 - -3))?
13
Evaluate 1 - 6 - (-10 + 4 - -9).
-8
39 - (-28 + 79) - (-16 + -1)
5
What is ((-22 - -12) + -1 - -11) + (2 - -5)?
7
What is the value of -210 + 178 - ((14 - 17) + (1 - 1))?
-29
Calculate 12 + -2 + (1 - ((25 - 1) + -2)).
-11
Calculate (0 - 41) + (-2130 - -2198).
27
(-2 - 6) + (-2 - (-4 + (-3 - -14)))
-17
(-27 - -22) + (29 - (-3 - -9))
18
Evaluate 16 + (-18 - -16) + (-11 - -3) + 3.
9
Calculate -16 - ((-16 - 2) + -6).
8
Evaluate (1 - (-14 - (4 + -2))) + (14 - 17).
14
Evaluate -219 + 221 - (-8 + 1).
9
0 - 2 - (-6 - (-2 + (1 - 7)))
-4
What is the value of -23 + 25 + (-2 - 1) - -5?
4
What is -42 + 38 + -8 - 11?
-23
Evaluate -2 - (-1 + -2) - (-28 - -22) - 7.
0
Evaluate (-99 - -91) + (11 - 0).
3
Evaluate (-7 + (9 - -7) - 7) + -31 + 4.
-25
What is the value of 6 + -16 - (1 + -2)?
-9
Calculate 6 + -6 + -3 + 0.
-3
Evaluate (3 - (10 + -6)) + 7 - -12.
18
What is (6 + -11 + -2 - 9) + -1 + -6?
-23
What is 8 + (81 - 73 - (1 - 3))?
18
What is the value of 7 - (-29 + (-12 - -46))?
2
What is -11 + 1 + -5 + 5 + 1?
-9
Calculate (-18 - -17 - -10) + 7.
16
Evaluate -10 + -1 - (-19 + (40 - 26)).
-6
(19 - (-4 + 1)) + 16 + -43 + 18
13
(-5 - 0) + 14 + 3 + -4 + 0
8
What is (27 - 19) + -19 + 2?
-9
Calculate 9 - 9 - 7 - (11 + 5) - -2.
-21
Calculate -3 + (-1 - 0) + (-4 - -6 - -11).
9
Evaluate 8 - (23 + 10 + -5 + -4).
-16
-4 + (8 - 4) + 1 - (4 + 2)
-5
Evaluate -4 + (-10 - (0 - -3 - 26)).
9
Calculate 57 + -85 + 37 + (0 - 31).
-22
3 + (1 - 11 - 4)
-11
-2 - (1 + -8 + -1 + (-1237 - -1241))
2
What is -9 - (1 + (-1 - 1) + (-32 - -33))?
-9
Calculate 31 + (-2 - 5) + -15.
9
What is the value of 60 - 44 - (4 + -8)?
20
-21 - ((7 - 12) + -3) - -5
-8
Calculate (-12 - 1) + 10 + 2.
-1
What is the value of (-1 - 13) + (-1 - (0 + 0 + -6))?
-9
Evaluate (12 + -6 - -2 - 2) + -2.
4
What is -15 + -22 + 40 - (7 - -2) - 4?
-10
Evaluate (30 + -5 - 26) + (-1 - 8).
-10
3 + 10 + -18 + -1
-6
What is -5 - (-9 + (-10 - -2) + (-37 - -40))?
9
What is the value of -3 + (0 - 12) - (-12 + 3)?
-6
What is the value of (12 - (-2 - -2)) + (-38 - -44)?
18
Evaluate 21 + (-11 - 2) + 0 + 14.
22
What is the value of ((-5 - -12) + -2 - 10) + -3 - -2?
-6
Calculate 21 - (11 + -18 - -19).
9
What is (8 - (1 - 1)) + (9 - (12 - 5))?
10
Calculate -7 - (16 - 19 - 4) - -17.
17
Calculate 6 - (10 - (-5 - 1)).
-10
Evaluate -1 + -1 + -20 + 8 + 0 + 6.
-8
What is the value of -52 - -39 - (2 - 3)?
-12
2 - (-5 - 12 - -5)
14
Evaluate -5 + ((0 - 19) + 19 - (4 - 0)).
-9
What is the value of (-74 - -71) + 0 + 12?
9
What is 1 + 3 + (-4 - -4) + (-115 - -109)?
-2
What is the value of -5 + (1 + -1 - (-19 - 6 - 2))?
22
What is (4 - -4 - 8) + 9 - 4?
5
What is 132 + -121 - (6 - (0 - -1))?
6
Calculate 355 + -344 + (1 - (1 - 0)).
11
-7 + -1 + -96 + 115 + (15 - 6)
20
Calculate 6 - ((-3 - 12) + 8).
13
17 + (8 - (-11 + 2))
34
22 - (5 + -3 + 5 + 3 + -5)
17
Calculate 19 - (-21 + 17 + 37).
-14
-8 + 59 + -54 + (0 - (2 + -9))
4
Evaluate 80 - 53 - (15 - 4).
16
Calculate (-2 - -29) + 3 + (-38 - -20).
12
Evaluate 2 - 19 - (88 + -119).
14
Evaluate -286 + 284 + (2 - -27).
27
Evaluate -8 + 3 + 7 + -11.
-9
What is 7 + (3 - 8 - -7) + -1?
8
Calculate -28 - -8 - -10 - -18.
8
What is (-2 - -3) + (19 - (6 + 3 + -4))?
15
Evaluate 136 + -133 + (-10 - -6) + (-1 - 0).
-2
Calculate 21 + (-6 - (2 - (-5 - -3 - -6))).
17
What is the value of (8 - 4) + 5 + 4?
13
(5 + 7 - 0) + -25 - (-7 - 0)
-6
What is the value of -1 + -6 + 5 + (1 - -1) + -4?
-4
What is 46 + -36 + -14 + 8?
4
Evaluate -170 + 159 - (3 + -5 + 2).
-11
What is the value of (-8 - 4) + (-15 - -12) - 16?
-31
Evaluate 8 + (34 - 32) - -4.
14
What is (4 + 1 - 2 - 5) + 14 + -26?
-14
Evaluate -9 + 3 + 5 + -13 + 5.
-9
Calculate 2 + 0 - (23 + 0 + -12 + 8).
-17
What is the value of (2 - (-1 - -3)) + -13 + (5 - 3)?
-11
What is the value of (2 - (-3 - -1)) + (-7 - 12) + 26?
11
What is the value of -9 + 23 + 8 + (-5 - 4)?
13
What is the value of -26 + 26 + -14 + 11?
-3
Evaluate 5 + (-24 - (5 + -5)) - 2 - 0.
-21
Calculate -130 + 93 + (9 - -2) + 2.
-24
What is the value of 5 - (65 + -20 + -35 + -1 + -13)?
9
Evaluate (-18 - (-4 - 3)) + 9.
-2
Evaluate 10 - (-3 - 6 - -5) - (-9 + 6).
17
What is 2 + 14 + 1 + (8 - (3 - -9))?
13
Evaluate (5 - -31) + -10 - (1 + -8 + 2).
31
Calculate 29 - (-5 + -3 - -13).
24
What is the value of (2 - (0 + (10 - 3))) + -1 + 3?
-3
9 - (9 + 0) - 10
-10
Calculate -2 - (13 + -2 + (1 - 10)).
-4
What is the value of (27 - 11) + -2 - 14 - 6?
-6
What is the value of (-821 - -841) + -41 + 0?
-21
What is the value of -34 + 35 - 8 - (1 + 3)?
-11
What is the value of -1 + -2 + (23 - (27 + 13)) - 1?
-21
Calculate 13 + 3 + 7 + -7 + -7 + -6.
3
Calculate 22 - (12 + 58 + -29).
-19
What is the value of (228 - 245) + (-1 + 2 - (-1 + 11))?
-26
7 - (-8 + -1 + -1 + 8) - -5
14
(186 - 166) + 1 + -4
17
Evaluate -10 + 4 - ((4 - 8) + -3 + -10).
11
24 - (27 + -39 + 23)
13
What is 2 - -12 - (-2 + -1 + 4 + -5)?
18
What is the value of -4 + (0 - 4 - -6) - -15?
13
Calculate -1 + -1 + 0 + -3.
-5
What is the value of 14 - (6 + (-5 - -5) + 5 + -8)?
11
-4 - (2 + 9 - 22)
7
What is the value of (-585 - -606) + (0 - 16)?
5
Calculate (2 + (-13 - -2) - -2) + 5.
-2
What is 12 + (-5 - -8) - (7 + -1)?
9
Evaluate (-7 - 0) + -9 + (-9 - -6) + 13.
-6
What is the value of -2 - 13 - (-18 - -13) - (150 + -145)?
-15
Calculate -34 - (13 + (34 - 61)).
-20
What is -1 - (17 - 9 - 15)?
6
What is the value of -19 + 6 + (-11 - -35)?
11
(15 - 21) + (-2 - 1) - 3
-12
What is the value of 12 - (7 + -1 + -24 + 22)?
8
(-6 + 3 + 6 - 5) + -2
-4
(6 - (-17 - -27)) + 0 - (1 - -16)
-21
Calculate 2 - (18 - 20) - (1 - -7).
-4
Evaluate -28 + 29 - (-4 + 10) - (1 - -4).
-10
Evaluate 69 - 76 - (6 - (2 - 3)).
-14
What is the value of (-7 - (-44 - -5)) + -36?
-4
-29 + (7 - (6 - -5 - -5))
-38
Evaluate 0 + -9 + (-10 - -1) + 21.
3
Calculate 28 + -7 - (26 - -29).
-34
2 + (3 - 14 - -2 - (-6 + 9))
-10
What is the value of